{"id":9,"date":"2020-04-06T11:38:01","date_gmt":"2020-04-06T11:38:01","guid":{"rendered":"https:\/\/fbln.me\/projeto-monitorar\/?page_id=9"},"modified":"2022-06-05T16:42:15","modified_gmt":"2022-06-05T16:42:15","slug":"9-2","status":"publish","type":"page","link":"https:\/\/fbln.me\/projeto-monitorar\/","title":{"rendered":""},"content":{"rendered":"\n<div id=\"start\"><\/div>\n<div><a style=\"height:50px;width:50px;position:fixed;top:250px;right:60px;background-color:transparent;text-decoration: none;border-bottom: none;color: transparent\" href=\"#masthead\"><img style=\"text-decoration: none;\" src=\"http:\/\/fbln.me\/projeto-monitorar\/wp-content\/uploads\/2020\/04\/up-arrow-5_icon-icons.com_69823.png\"><\/a><\/div>\n<div>\n<div style=\"display: flex;\">\n<div style=\"flex: 40%; margin-right: 35px\">\n<h1 style=\"font-weight:normal;\">MonitorAR<\/h1>\n<p>O MonitorAr \u00e9 um projeto que tem o objetivo de apoiar equipes de sa\u00fade, que atualmente combatem a pandemia Covid-19. Para isso foi desenvolvido um equipamento de monitoramento de baixo custo e que pode ser usado facilmente pelo pr\u00f3prio celular.<\/p>\n<div style=\"display: flex;\">\n<div style=\"flex: 30%; margin: 10px\">\n<a href=\"https:\/\/www.facebook.com\/projetomonitorar\"><img style=\"width:40px;height:auto;margin:0 10px;\" src=\"http:\/\/projetomonitorar.files.wordpress.com\/2020\/04\/face_icon.png\"><\/a>\n<\/div>\n<div style=\"flex: 30%; margin: 10px\">\n<a href=\"https:\/\/twitter.com\/projmonitorar\"><img style=\"width:40px;height:auto;margin:0 10px;\" src=\"http:\/\/projetomonitorar.files.wordpress.com\/2020\/04\/twit_icon.png\"><\/a>\n<\/div>\n<div style=\"flex: 30%; margin: 10px\">\n<a href=\"https:\/\/www.instagram.com\/projetomonitorar\/\"><img style=\"width:40px;height:auto;margin:0 10px;\" src=\"http:\/\/projetomonitorar.files.wordpress.com\/2020\/04\/inst_icon.png\"><\/a>\n<\/div>\n<\/div>\n<\/div>\n<div style=\"flex: 40%;\">\n<img loading=\"lazy\" style=\"margin-left:80px;\" src=\"http:\/\/fbln.me\/projeto-monitorar\/wp-content\/uploads\/2020\/04\/MonitorAR.png\" width=\"60%\" height=\"auto\">\n<\/div>\n<\/div>\n<div style=\"height:32px;\" aria-hidden=\"true\" class=\"wp-block-spacer\"><\/div>\n<\/div>\n\n\n\n<div style=\"width:100%;height:16px;background-color:#B40404;\" id=\"presentation\"><\/div>\n<div style=\"height:32px;\" aria-hidden=\"true\" class=\"wp-block-spacer\"><\/div>\n\n\n\n<h2 style=\"font-weight:normal;text-align:center;\">Apresenta\u00e7\u00e3o<\/h2>\n\n\n\n<div style=\"display: flex;\">\n<div style=\"flex: 40%; margin-right: 35px\"><p>Em 21 de mar\u00e7o de 2020, impactados com as not\u00edcias sobre falta de aparelhos respiradores para tratamento da Covid-19 (SARS-CoV-2) e com a possibilidade do sobrecarregamento das Unidades de Terapia Intensiva (UTIs), j\u00e1 que muitos pacientes diagnosticados com a virose, em curto espa\u00e7o de tempo, evoluem para S\u00edndrome Respirat\u00f3ria Aguda Grave (SRAG), um grupo de professores, pesquisadores, profissionais da sa\u00fade, estudantes, empres\u00e1rios e servidores p\u00fablicos uniram-se para dar sua contribui\u00e7\u00e3o ao combate \u00e0 atual pandemia.<br>Convencidos de que a informa\u00e7\u00e3o, obtida de forma r\u00e1pida e inteligente, pode ajudar a triagem dos pacientes e a aloca\u00e7\u00e3o mais eficiente de equipamentos e recursos e, assim, salvar vidas, os atores organizaram uma for\u00e7a-tarefa com o objetivo de construir, em pouco mais de uma semana, um prot\u00f3tipo, quase cl\u00ednico, de um monitor de sinais vitais, que atua em conjunto com um aplicativo de celular, possibilitando o acompanhamento, em tempo real, de Frequ\u00eancia Respirat\u00f3ria (FR), Satura\u00e7\u00e3o Perif\u00e9rica de Oxig\u00eanio (SPO2), Frequ\u00eancia Card\u00edaca e Temperatura Corporal.<br>Batizado de projeto \u201cMonitorAR\u201d, a iniciativa que re\u00fane 35 profissionais com diversas expertises visa construir um monitor de frequ\u00eancia respirat\u00f3ria e de satura\u00e7\u00e3o do oxig\u00eanio que seja: 1) de baixo custo, 2) confi\u00e1vel, 3) m\u00f3vel, 4) sem fio, 5) com sa\u00eddas gr\u00e1ficas para smartphones e 6) com alarmes program\u00e1veis e inteligentes para auxiliar intensivistas na tomada de decis\u00e3o sobre pacientes e recursos.<\/p>\n<\/div>\n<div style=\"flex: 40%;\"><p>Est\u00e3o previstas mais de 3000 horas de trabalho, com o envolvimento de mais de 08 institui\u00e7\u00f5es parceiras. A coordena\u00e7\u00e3o est\u00e1 por conta do professor Fernando Buarque de Lima Neto, que informa: \u201cdecidimos conjugar nosso conhecimento, intelig\u00eancias e expertises para ajudar os profissionais de sa\u00fade que est\u00e3o na linha de frente a salvar vidas. H\u00e1 times do projeto trabalhando ininterruptamente para conseguir cumprir as metas, por absoluto compromisso com a causa.&#8221;\nA ideia geral \u00e9 construir uma solu\u00e7\u00e3o integrada que permita a comunica\u00e7\u00e3o entre um m\u00f3dulo eletr\u00f4nico de monitoramento dos sinais do paciente e o aplicativo de um smartphone. Os dados captados s\u00e3o exibidos no painel do celular dedicado. Os alertas s\u00e3o quantitativos e qualitativos, para seu funcionamento s\u00e3o utilizadas valores aceitos e nas pr\u00f3ximas etapas ser\u00e3o usadas t\u00e9cnicas de Intelig\u00eancia Artificial (recursos de IA ser\u00e3o desenvolvidos na segunda fase). Desta forma \u00e9 poss\u00edvel proporcionar informa\u00e7\u00f5es personalizadas sobre o quadro de cada paciente, bem como antecipar prov\u00e1veis eventos.\nPara que isso seja poss\u00edvel, a aplica\u00e7\u00e3o do dispositivo celular, ap\u00f3s receber os sinais do m\u00f3dulo de monitoramento eletr\u00f4nico, j\u00e1 convertidos em dados, realizar\u00e1 o envio peri\u00f3dico dos mesmos para um servidor virtual dedicado. Um outro servidor virtual abriga a aplica\u00e7\u00e3o para predi\u00e7\u00f5es, treinamento e feature set. O m\u00f3dulo eletr\u00f4nico estar\u00e1 conectado por uma rede Wi-Fi do pr\u00f3prio celular, e deve acompanhar o paciente durante todo o per\u00edodo de suspeita do Covid-19.<\/p><\/div>\n<\/div>\n<iframe loading=\"lazy\" width=\"100%\" height=\"400\" src=\"https:\/\/www.youtube.com\/embed\/ksNjQ-GgtZs\" frameborder=\"0\" allowfullscreen=\"\"><\/iframe>\n\n\n\n<div style=\"height:32px;\" aria-hidden=\"true\" class=\"wp-block-spacer\"><\/div>\n\n\n\n<div style=\"\">\n<div style=\"height:32px;\" aria-hidden=\"true\" class=\"wp-block-spacer\"><\/div>\n<div style=\"width:100%;height:16px;background-color:#235ff7;\" id=\"project\"><\/div>\n<div style=\"height:32px;\" aria-hidden=\"true\" class=\"wp-block-spacer\"><\/div>\n<h2 style=\"font-weight:normal;text-align:center;\">Projeto<\/h2>\n<div style=\"display: flex;\">\n<div style=\"flex: 40%; margin-right: 35px\">\n<p>A Estrutura Anal\u00edtica do Projeto (EAP) possui cinco principais pacotes de trabalho: 1) Coordena\u00e7\u00e3o e Integra\u00e7\u00e3o, 2) Hardware &#8211; Instrumenta\u00e7\u00e3o e Interfaces, 3) Software &#8211; Intelig\u00eancia Artificial (IA) e Ci\u00eancia de Dados e 4) Final\u00edstico &#8211; Consultoria m\u00e9dica e testes do prot\u00f3tipo.<\/p>\n<h5><br><small>Coordena\u00e7\u00e3o e Integra\u00e7\u00e3o<\/small><\/h5>\n<p>Informa que os instrumentos de planejamento iniciais como ilustra\u00e7\u00e3o de organiza\u00e7\u00e3o dos times e grade de metas e responsabilidades foram traduzidos para uma EAP com uso de metodologia de gest\u00e3o de projetos. Tarefas e atribui\u00e7\u00f5es lan\u00e7adas em board no Kanbanflow, onde os times t\u00eam interagido e registrado a documenta\u00e7\u00e3o do projeto. Os relat\u00f3rios de evolu\u00e7\u00e3o do projeto s\u00e3o encaminhados por gr\u00e1fico GANTT a todos.<\/p>\n<h5><br><small>Hardware<\/small><\/h5>\n<p>Instrumenta\u00e7\u00e3o e Interfaces: Ser\u00e3o utilizados diversos equipamentos para montar o m\u00f3dulo que ir\u00e1 promover a aquisi\u00e7\u00e3o de sinais dos pacientes. Al\u00e9m da FR e O2, o equipamento tamb\u00e9m poder\u00e1 capturar a temperatura. Or\u00e7amento preliminar de materiais foi fechado em R$ 141,00, mas deve ficar mais barato quando se refinar o custeio e avaliar a aquisi\u00e7\u00e3o em escala. <\/p>\n<\/div>\n<div style=\"flex: 40%;\">\n<h5><small>Software (Backend)<\/small><\/h5>\n<p>Intelig\u00eancia Artificial (IA) e Ci\u00eancia de Dados: j\u00e1 apresenta o UML e a tela principal do app Android, que est\u00e1 sendo constru\u00eddo, conferir figura abaixo.<\/p>\n<h5><small>Final\u00edstico (Frontend) &#8211; Consultoria m\u00e9dica e testes do prot\u00f3tipo<\/small><\/h5>\n<p>Os consultores m\u00e9dicos repassaram informa\u00e7\u00f5es de requisitos. Vari\u00e1veis respirat\u00f3rias de adulto (incluindo os adolescentes, acima de 13 anos) como:<br>Frequ\u00eancia respirat\u00f3ria. Tr\u00eas faixas de acordo com a gravidade: verde, amarela e vermelha. Faixa verde: at\u00e9 23 ipm (incurs\u00f5es respirat\u00f3rias por minuto). Faixa amarela (alerta): 24 a 29 ipm. Faixa vermelha (alerta m\u00e1ximo) igual ou superior a 30 ipm.<br>Satura\u00e7\u00e3o arterial perif\u00e9rica (oximetria de pulso). Tr\u00eas faixas: verde, amarela e vermelha. Faixa verde: acima ou igual a 95%. Faixa amarela: 94 a 90%. Faixa vermelha: igual ou inferior a 89%.<br><\/p>\n<img loading=\"lazy\" style=\"margin:5px;\" src=\"http:\/\/fbln.me\/projeto-monitorar\/wp-content\/uploads\/2020\/04\/app1.png\" width=\"50%\" height=\"auto\">\n<\/div>\n<\/div><\/div>\n\n\n\n<div style=\"height:32px;\" aria-hidden=\"true\" class=\"wp-block-spacer\"><\/div>\n\n\n\n<div>\n<div style=\"height:32px;\" aria-hidden=\"true\" class=\"wp-block-spacer\"><\/div>\n<div style=\"width:100%;height:16px;background-color:#00cc00;\" id=\"prototype\"><\/div>\n<div style=\"height:32px;\" aria-hidden=\"true\" class=\"wp-block-spacer\"><\/div>\n<h2 style=\"font-weight:normal;text-align:center;\">Prot\u00f3tipo<\/h2>\n<div style=\"display: flex;\">\n<div style=\"flex: 40%; margin-right: 35px\">\n<p>O dispositivo MonitorAR \u00e9 capaz de medir a satura\u00e7\u00e3o perif\u00e9rica de oxig\u00eanio, frequ\u00eancia card\u00edaca, frequ\u00eancia respirat\u00f3ria, al\u00e9m das temperaturas perif\u00e9ricas e axilar. Esses sinais podem ser enviados para um dispositivo por meio de bluetooth ou conex\u00e3o wifi (com ou sem internet) para um smartphone e caso haja conectividade com a web, a informa\u00e7\u00e3o do paciente tamb\u00e9m pode ser enviada, em tempo real, para a nuvem. O aparelho ainda conta com carregamento micro USB, bateria para 20h de dura\u00e7\u00e3o, e LED indicadores de conectividade, ligado\/desligado, carregamento e carga completa da bateria. \n<br><br>\nO hardware MonitorAR \u00e9 composto por quatro m\u00f3dulos, que s\u00e3o:\n<br><br>\n<strong>Aparelho principal:<\/strong> Onde s\u00e3o conectados os sensores, l\u00e1 encontra-se a placa de controle que recebe, processa e envia a informa\u00e7\u00e3o dos sensores para o smartphone ou para a nuvem. Nela tamb\u00e9m est\u00e3o anexos um m\u00f3dulo de carregamento por micro USB e uma bateria de 2200 mah. Conta tamb\u00e9m com um suporte para celular e um suporte para faixa, de maneira que possa ser preso ao gabinete ou cama do paciente. \n<\/p><\/div>\n<div style=\"flex: 40%;\">\n<img loading=\"lazy\" style=\"margin:5px;\" src=\"http:\/\/fbln.me\/projeto-monitorar\/wp-content\/uploads\/2020\/04\/prototipo1.png\" width=\"90%\" height=\"auto\">\n<br><br>\n<strong>M\u00f3dulo perif\u00e9rico:<\/strong> aqui se encontram os sensores de frequ\u00eancia card\u00edaca, satura\u00e7\u00e3o de oxig\u00eanio e temperatura perif\u00e9rica. Esse equipamento deve ser preso a algum dos dedos da m\u00e3o do paciente.\n<br><br>\n<strong>M\u00f3dulo para o T\u00f3rax:<\/strong> esse m\u00f3dulo deve ser posicionado sobre o esterno ou diafragma a fim de medir a amplitude da movimenta\u00e7\u00e3o do corpo durante a respira\u00e7\u00e3o. Por meio disso, o MonitorAR \u00e9 capaz de indicar a frequ\u00eancia respirat\u00f3ria do paciente. Esse m\u00f3dulo tamb\u00e9m consegue medir a temperatura corporal.\n<br><br>\n<strong>M\u00f3dulo Axilar:<\/strong> Capaz de medir a frequ\u00eancia axilar de maneira acurada. Esse dispositivo mede de maneira mais acurada e mais r\u00e1pida a temperatura do paciente do que os demais term\u00f4metros do dispositivo.<p><\/p>\n<\/div>\n<\/div>\n<\/div>\n\n\n\n<div>\n<div style=\"height:32px;\" aria-hidden=\"true\" class=\"wp-block-spacer\"><\/div>\n<div style=\"width:100%;height:16px;background-color:#235ff7;\" id=\"crowdfunding\"><\/div>\n<div style=\"height:32px;\" aria-hidden=\"true\" class=\"wp-block-spacer\"><\/div>\n<h2 style=\"font-weight:normal; text-align:center;\">Crowdfunding<\/h2>\n<div style=\"display: flex;\">\n<div style=\"flex: 40%; margin-right: 35px\">\n<p>EM DESENVOLVIMENTO<\/p>\n<\/div>\n<div style=\"flex: 40%;\">\n<\/div>\n<\/div>\n<\/div>\n\n\n\n<div style=\"height:32px;\" aria-hidden=\"true\" class=\"wp-block-spacer\"><\/div>\n\n\n\n<div>\n<div style=\"height:32px;\" aria-hidden=\"true\" class=\"wp-block-spacer\"><\/div>\n<div style=\"width:100%;height:16px;background-color:#ff0000;\" id=\"team\"><\/div>\n<div style=\"height:32px;\" aria-hidden=\"true\" class=\"wp-block-spacer\"><\/div>\n<h2 style=\"font-weight:normal;text-align:center;\">Equipe<\/h2>\n<div style=\"display: flex;\">\n<div style=\"flex: 40%; margin-right: 35px\">\n\n<p><strong>COORDENA\u00c7\u00c3O, REQUISITOS E CONTROLE<\/strong><br><small>Fernando Buarque de Lima Neto &#8211; Poli-UPE<br>Fl\u00e1vio Rosendo da Silva Oliveira &#8211; Poli-UPE \/ IFPE<br>Rodrigo Gayger Amaro &#8211; Poli-UPE \/ UFRPE \/ MPPE<\/small><\/p>\n\n<p><strong>SENSORES E AQUISI\u00c7\u00c3O SEM FIO DO SINAL<\/strong><br><small>Diego Jos\u00e9 R\u00e1tiva Mill\u00e1n &#8211;  Poli-UPE \/ IIT-UPE<br>Hatus Wanderley &#8211; Bi\u00f4nica<br>Jo\u00e3o Luiz Vilar Dias &#8211; Poli-UPE \/ PGE<br>Samuel Sobral dos Santos &#8211; Bi\u00f4nica<\/small><\/p>\n\n<p><strong>PROCESSAMENTO DO SINAL<\/strong><br><small>Hugo Fons\u00eaca &#8211; Poli-UPE<br>Rafael R\u00eago Caldas &#8211; Poli-UPE<br>Rebeca Sarai Aguiar da Silva &#8211; Poli-UPE<\/small><\/p>\n\n<p><strong>ALARMES INTELIGENTES<\/strong><br><small>Hugo de Andrade Amorim Neto &#8211; Poli-UPE<br>Marcelo Gomes Pereira de Lacerda &#8211; UFPE \/ PGE<br>Mariana de Albuquerque Campos &#8211; Poli &#8211; UPE<\/small><\/p>\n\n<p><strong>DASHBOARDS E BASE DE DADOS<\/strong><br><small>\u00c1lvaro Farias Pinheiro &#8211; Poli-UPE \/ PGE<br>M\u00f4nica Sim\u00f5es Bandeira &#8211; ATI<br>Saint-Clair dos Santos Ramos Filho &#8211; ATI<br>Thiego Buenos Aires &#8211; Poli-UPE \/ SERPRO<\/small><\/p>\n\n<p><strong>FINAL\u00cdSTICA HARDWARE<\/strong><br><small>\nJo\u00e3o Luiz Vilar Dias &#8211; Poli-UPE<br>\nMariana Souza Arruda de Queiroz &#8211; Poli-UPE<br>\nIsabela de Queiroz Burle &#8211; Poli-UPE<br>\nGuilherme Di Lucca Santos Silva &#8211; Poli-UPE<br>\nSamuel Elias Delmiro da Silva &#8211; Poli-UPE<\/small><\/p>\n\n<\/div>\n<div style=\"flex: 40%;\">\n\n<p><strong>CONSULTORIA M\u00c9DICA E TESTE DO PROT\u00d3TIPO<\/strong><br><small>Danilo Sales Silva Silvino &#8211; HUOC-UPE<br>Fernando Queiroga Jr. &#8211; FCM-UPE \/ HUOC-UPE<br>Mar\u00edlia Montenegro Cabral &#8211; FCM-UPE \/ PROCAPE-UPE<br>Thomaz Albuquerque &#8211; HUOC-UPE<br>Vicente Vaz &#8211; FCM-UPE \/ HUOC-UPE<br>Viviane Pelin &#8211; HUOC-UPE<\/small><\/p>\n\n<p><strong>FINAL\u00cdSTICA SOFTWARE<\/strong><br><small>Ericks da Silva Rodrigues &#8211; Poli-UPE<br>Jo\u00e3o Victor Tinoco de Souza Abreu &#8211; Poli-UPE \/ Mobix Software Studio<br>Rubens Euclides Carneiro &#8211; Poli-UPE<\/small><\/p>\n\n<p><strong>COMIT\u00ca DE \u00c9TICA, \u00c1REA JUR\u00cdDICA, LOG\u00cdSTICA E CONTATOS EXTERNOS<\/strong><br><small>Dem\u00f3crito de Barros Miranda-Filho &#8211; FCM &#8211; UPE<br>Elidiane Melo Amaro &#8211; UFRPE &#8211; UAEADTec<br>Fernanda Gon\u00e7alves Maranh\u00e3o Braga &#8211; PGE<br>Magaly Bushatsky &#8211; Fensg &#8211; UPE<br>Rafael Figueiredo Bezerra &#8211; PGE<br><\/small><\/p>\n\n<p><strong>ASSESSORIA DE COMUNICA\u00c7\u00c3O E DESIGN GR\u00c1FICO<\/strong><br><small>Fernando de Albuquerque &#8211; MPPE<br>Rafael Sotero &#8211; SEE-PE<br>Higor Jorge da Silva Oliveira &#8211; HI3D<\/small><\/p>\n\n<\/div>\n<\/div>\n<\/div>\n\n\n\n<div style=\"height:32px;\" aria-hidden=\"true\" class=\"wp-block-spacer\"><\/div>\n\n\n\n<div>\n<div style=\"width:100%;height:16px;background-color:#235ff7;\" id=\"institutions\"><\/div>\n<div style=\"height:32px;\" aria-hidden=\"true\" class=\"wp-block-spacer\"><\/div>\n<h2 style=\"font-weight:normal;text-align:center;\">Institui\u00e7\u00f5es<\/h2>\n<h5 style=\"font-weight:normal;\">Proponentes<\/h5>\n<div>\n<img loading=\"lazy\" style=\"margin:6px;\" src=\"http:\/\/fbln.me\/projeto-monitorar\/wp-content\/uploads\/2020\/04\/upe.jpg\" width=\"235\" height=\"auto\">\n<img loading=\"lazy\" style=\"margin:6px;\" src=\"http:\/\/fbln.me\/projeto-monitorar\/wp-content\/uploads\/2020\/04\/pge-pe-procuradoria-geral-de-pernambuco.png\" width=\"215\" height=\"auto\">\n<img loading=\"lazy\" style=\"margin:6px;\" src=\"http:\/\/fbln.me\/projeto-monitorar\/wp-content\/uploads\/2020\/04\/ati.jpeg\" width=\"235\" height=\"auto\">\n<br>\n<br>\n<\/div>\n<h5 style=\"font-weight:normal;\">Apoios<\/h5>\n<div>\n<img loading=\"lazy\" style=\"margin:10px;\" src=\"http:\/\/fbln.me\/projeto-monitorar\/wp-content\/uploads\/2020\/04\/poli.png\" width=\"170\" height=\"auto\">\n<img loading=\"lazy\" style=\"margin:10px;\" src=\"http:\/\/fbln.me\/projeto-monitorar\/wp-content\/uploads\/2020\/04\/ecomp.png\" width=\"185\" height=\"auto\">\n<img loading=\"lazy\" style=\"margin:10px;\" src=\"http:\/\/fbln.me\/projeto-monitorar\/wp-content\/uploads\/2020\/04\/procape.png\" width=\"170\" height=\"auto\">\n<img loading=\"lazy\" style=\"margin:10px;\" src=\"http:\/\/fbln.me\/projeto-monitorar\/wp-content\/uploads\/2020\/04\/fcm.png\" width=\"135\" height=\"auto\">\n<img loading=\"lazy\" style=\"margin:10px;\" src=\"http:\/\/fbln.me\/projeto-monitorar\/wp-content\/uploads\/2020\/04\/IMG-20200330-WA0115.jpg\" width=\"170\" height=\"auto\">\n<img loading=\"lazy\" style=\"margin:10px;\" src=\"http:\/\/fbln.me\/projeto-monitorar\/wp-content\/uploads\/2020\/04\/huoc.jpeg\" width=\"170\" height=\"auto\">\n<img loading=\"lazy\" style=\"margin:10px;\" src=\"http:\/\/fbln.me\/projeto-monitorar\/wp-content\/uploads\/2020\/04\/fensg2.jpg\" width=\"200\" height=\"auto\">\n<img loading=\"lazy\" style=\"margin:10px;\" src=\"http:\/\/fbln.me\/projeto-monitorar\/wp-content\/uploads\/2020\/04\/ufrpe.jpeg\" width=\"170\" height=\"auto\">\n<img loading=\"lazy\" style=\"margin:10px;\" src=\"http:\/\/fbln.me\/projeto-monitorar\/wp-content\/uploads\/2020\/04\/tec_ufrpe.png\" width=\"170\" height=\"auto\">\n<img loading=\"lazy\" style=\"margin:10px;\" src=\"http:\/\/fbln.me\/projeto-monitorar\/wp-content\/uploads\/2020\/04\/Bionica.jpg\" width=\"170\" height=\"auto\">\n<img loading=\"lazy\" style=\"margin:10px;\" src=\"http:\/\/fbln.me\/projeto-monitorar\/wp-content\/uploads\/2020\/04\/ifpe.jpeg\" width=\"190\" height=\"auto\">\n<img loading=\"lazy\" style=\"margin:10px;\" src=\"http:\/\/fbln.me\/projeto-monitorar\/wp-content\/uploads\/2020\/04\/CIRG_Logo.jpeg\" width=\"125\" height=\"auto\">\n<img loading=\"lazy\" style=\"margin:10px;\" src=\"http:\/\/fbln.me\/projeto-monitorar\/wp-content\/uploads\/2020\/05\/secretaria_CGE2.jpeg\" width=\"300\" height=\"auto\">\n<\/div>\n<\/div>\n","protected":false},"excerpt":{"rendered":"<p>MonitorAR O MonitorAr \u00e9 um projeto que tem o objetivo de apoiar equipes de sa\u00fade, que atualmente combatem a pandemia Covid-19. Para isso foi desenvolvido um equipamento de monitoramento de baixo custo e que pode ser usado facilmente pelo pr\u00f3prio celular. Apresenta\u00e7\u00e3o Em 21 de mar\u00e7o de 2020, impactados com as not\u00edcias sobre falta de &hellip; <a href=\"https:\/\/fbln.me\/projeto-monitorar\/\" class=\"more-link\">Continue lendo<span class=\"screen-reader-text\"> &#8220;&#8221;<\/span><\/a><\/p>\n","protected":false},"author":2,"featured_media":0,"parent":0,"menu_order":0,"comment_status":"closed","ping_status":"closed","template":"","meta":[],"_links":{"self":[{"href":"https:\/\/fbln.me\/projeto-monitorar\/index.php?rest_route=\/wp\/v2\/pages\/9"}],"collection":[{"href":"https:\/\/fbln.me\/projeto-monitorar\/index.php?rest_route=\/wp\/v2\/pages"}],"about":[{"href":"https:\/\/fbln.me\/projeto-monitorar\/index.php?rest_route=\/wp\/v2\/types\/page"}],"author":[{"embeddable":true,"href":"https:\/\/fbln.me\/projeto-monitorar\/index.php?rest_route=\/wp\/v2\/users\/2"}],"replies":[{"embeddable":true,"href":"https:\/\/fbln.me\/projeto-monitorar\/index.php?rest_route=%2Fwp%2Fv2%2Fcomments&post=9"}],"version-history":[{"count":63,"href":"https:\/\/fbln.me\/projeto-monitorar\/index.php?rest_route=\/wp\/v2\/pages\/9\/revisions"}],"predecessor-version":[{"id":180,"href":"https:\/\/fbln.me\/projeto-monitorar\/index.php?rest_route=\/wp\/v2\/pages\/9\/revisions\/180"}],"wp:attachment":[{"href":"https:\/\/fbln.me\/projeto-monitorar\/index.php?rest_route=%2Fwp%2Fv2%2Fmedia&parent=9"}],"curies":[{"name":"wp","href":"https:\/\/api.w.org\/{rel}","templated":true}]}}